{"id":33,"date":"2021-11-22T00:05:18","date_gmt":"2021-11-21T23:05:18","guid":{"rendered":"https:\/\/sport-witch.ch\/?post_type=product&#038;p=33"},"modified":"2022-01-05T02:47:31","modified_gmt":"2022-01-05T01:47:31","slug":"wurzelchakra","status":"publish","type":"product","link":"https:\/\/sport-witch.ch\/?product=wurzelchakra","title":{"rendered":"Wurzelchakra"},"content":{"rendered":"<p>\u00dcberraschun`s Box mit verschiedenen Produkten f\u00fcr deinen K\u00f6rper und deinen Geist.<\/p>\n<p>Die Box enth\u00e4lt verschiedene Produkte und\u00a0 Eine Beschreibung aller Produkte.<\/p>\n<p>Alles um unser Wurzelchakra, das f\u00fcr unsere Stabilit\u00e4t im Leben steht, zu \u00f6ffnen.\u00a0 Wir\u00a0 haben Sportliche \u00dcbungen wie auch Entspannungs\u00fcbungen, Meditationen und kleinere Rituale nat\u00fcrlich auch ein Rezept mit dessen Unterst\u00fctzung Du dich selber st\u00e4rken kannst.<\/p>\n","protected":false},"excerpt":{"rendered":"<p>\u00dcberraschun`s Box mit verschiedenen Produkten f\u00fcr deinen K\u00f6rper und deinen Geist.<\/p>\n","protected":false},"featured_media":0,"comment_status":"open","ping_status":"closed","template":"","meta":{"om_disable_all_campaigns":false,"_mi_skip_tracking":false,"_monsterinsights_sitenote_active":false,"_monsterinsights_sitenote_note":"","_monsterinsights_sitenote_category":0},"product_cat":[15],"product_tag":[],"class_list":{"0":"post-33","1":"product","2":"type-product","3":"status-publish","5":"product_cat-uncategorized","7":"first","8":"instock","9":"shipping-taxable","10":"purchasable","11":"product-type-simple"},"aioseo_notices":[],"_links":{"self":[{"href":"https:\/\/sport-witch.ch\/index.php?rest_route=\/wp\/v2\/product\/33","targetHints":{"allow":["GET"]}}],"collection":[{"href":"https:\/\/sport-witch.ch\/index.php?rest_route=\/wp\/v2\/product"}],"about":[{"href":"https:\/\/sport-witch.ch\/index.php?rest_route=\/wp\/v2\/types\/product"}],"replies":[{"embeddable":true,"href":"https:\/\/sport-witch.ch\/index.php?rest_route=%2Fwp%2Fv2%2Fcomments&post=33"}],"wp:attachment":[{"href":"https:\/\/sport-witch.ch\/index.php?rest_route=%2Fwp%2Fv2%2Fmedia&parent=33"}],"wp:term":[{"taxonomy":"product_cat","embeddable":true,"href":"https:\/\/sport-witch.ch\/index.php?rest_route=%2Fwp%2Fv2%2Fproduct_cat&post=33"},{"taxonomy":"product_tag","embeddable":true,"href":"https:\/\/sport-witch.ch\/index.php?rest_route=%2Fwp%2Fv2%2Fproduct_tag&post=33"}],"curies":[{"name":"wp","href":"https:\/\/api.w.org\/{rel}","templated":true}]}}